er when f is divided by 13.
11
Suppose -6*y + 25 = -23. Calculate the remainder when 1022 is divided by y.
6
Let p(c) = 4 + 5*c**2 - 1 + 7*c - 3*c**2. Let t(k) = -k**3 - 5*k**2 + 87. What is the remainder when t(0) is divided by p(-5)?
15
Let d = 16 - -1. What is the remainder when d is divided by (-2 - -1)/((13/(-4))/13)?
1
Let k(y) = -y. Let r be k(-4). Let n = r + 10. Let o = -16 + 70. What is the remainder when o is divided by n?
12
Let t(y) = 4*y**2 - 38*y + 37. Suppose -4*w + 5 = -0*w + 5*p, 5*w - 4*p = 37. What is the remainder when t(10) is divided by 2/w + (-174)/(-15)?
9
Suppose -61*y - 870 = -90*y. Calculate the remainder when 419 is divided by y.
29
Let w be 4/(-18) - 1036/(-126). Suppose 0 = -h + 28 - w. Calculate the remainder when 22 is divided by (-12)/h - (-33)/5.
4
Suppose -56 = i - 5*i. Let r = 33 - i. Calculate the remainder when r is divided by 5.
4
Let v = 275 + -270. Let u = 13 - 6. What is the remainder when u is divided by v?
2
Let n = 59 - 24. Let f = -13 - -25. What is the remainder when n is divided by f?
11
Let u = 0 + 1. Calculate the remainder when (-176)/(-8)*6/((-6)/(-5)) + 4 is divided by u*3*58/6.
27
Let j(f) = f**3 - 3*f**2 - 3*f - 15. What is the remainder when j(6) is divided by 28?
19
Let z be (1 - 44/8)*10. Let h = z + 87. What is the remainder when h is divided by 27?
15
Let j = 8982 + -8969. Let m = 13 + -8. What is the remainder when j is divided by m?
3
Let z = 1 - -135. What is the remainder when z is divided by 23?
21
Let d(m) = 36*m - 22. What is the remainder when d(6) is divided by 40?
34
Suppose -f = 5 - 1, -2*f = 5*t + 43. Let d(c) = c + 21. Calculate the remainder when 96 is divided by d(t).
12
Let d(y) = 7*y**2 + 1. Suppose -19 = -3*o + x + 25, 0 = -x + 4. What is the remainder when d(-2) is divided by o?
13
Let o(w) = -3*w**3 + 7*w**2 + 2*w + 3. Calculate the remainder when o(-4) is divided by 77.
68
Let l(k) = 29*k**2 + 22*k + 21. Calculate the remainder when 138 is divided by l(-1).
26
What is the remainder when (-2)/2 + (63 - 2) is divided by (-267)/(-9) - (-4 + ((-8)/(-12) - -2))?
29
Calculate the remainder when 74 is divided by (-4)/6*(-12 - 99/(-11)).
0
Let o(t) = t**3 - 9*t**2 + 11. Let y be o(9). Let r = y + -2. Suppose -3*g = 2 - 20. What is the remainder when r is divided by g?
3
Suppose -w + 67 = -0*w. Suppose -6*b - 5 + 53 = 0. Let a = b - -6. What is the remainder when w is divided by a?
11
Let x(q) = q**2 - 6*q - 5. Let n be x(7). Suppose 0 = -5*d - 2*t + n + 89, -3*t + 77 = 4*d. What is the remainder when 33 is divided by d?
16
Let y be (-8)/6 - 471/(-9). Suppose -y = -5*p + 79. Suppose -9 - 12 = -3*b. What is the remainder when p is divided by b?
5
Let w(d) = d**3 + 5*d**2 + 4*d. Let c be w(-4). Let o = c + 21. Suppose g - 181 = -3*z - g, 3*g = 2*z - 125. What is the remainder when z is divided by o?
19
Let o(y) = 4*y**3 - 2*y**2 - 9*y - 26. What is the remainder when o(4) is divided by 85?
77
Let h = -104 - -111. Calculate the remainder when h/((-42)/4) + 382/6 is divided by 23.
17
Let k(j) = 11*j - 138. Let r = 2 - -8. Calculate the remainder when k(14) is divided by r.
6
Let w = -1 - 0. Let j(z) = -z**2 + 22*z + 444. Calculate the remainder when w/(2/2) + 108 is divided by j(-12).
35
Let o = 32 - 21. Suppose -a + o = -10. What is the remainder when 81 is divided by a?
18
Let m = 181 + -175. What is the remainder when 16 is divided by m?
4
Let l be (-1)/(-7) + 213/(-21). Let f = l - -35. Calculate the remainder when 73 is divided by f.
23
Let j(g) = -2*g**2 + 1. Let d be j(2). What is the remainder when ((-7)/(d/34))/2 is divided by 4/26 - 76/(-13)?
5
Let h(f) = 5*f**2 - 31*f + 2. Suppose -z - g + 11 = 0, 4*z + 5*g + 8 = 8*z. Calculate the remainder when h(z) is divided by 4.
2
Let x = 315 - -49. Let g be (-4)/6 + x/6. Suppose -12 = -2*a + 2*i + 8, 0 = 3*a + 3*i - g. Calculate the remainder when 57 is divided by a.
12
Let v = 197 - 83. Calculate the remainder when v is divided by 58.
56
Let v(q) = -2*q**2 - 3*q - 5. Let m be v(-3). Let a = m + 67. Calculate the remainder when a is divided by 14.
11
Suppose 0 = -y + y + 5*y. Suppose -21 = -l - y*l. Let d(q) = 3*q**2 + 5*q - 2. What is the remainder when d(3) is divided by l?
19
Let o = -103 - -165. What is the remainder when o is divided by 33?
29
Let a(y) = y**3 - 6*y**2 + y + 4. Let j(f) be the first derivative of -f**3/3 + 7*f**2 - 9*f - 7. Calculate the remainder when a(6) is divided by j(13).
2
Let b = 307 + -292. Calculate the remainder when 86 is divided by b.
11
Let l = 348 + -338. Calculate the remainder when 277 is divided by l.
7
Let g(k) = -k**2 - 7*k + 11. Let q be g(-8). Calculate the remainder when 35 is divided by (-1)/3 + 43/q.
7
Suppose 0 = -r - r - 18. Let p = r + 12. Calculate the remainder when ((-2)/(-4))/(p/282) is divided by 12.
11
Suppose 17*p = 23*p - 408. Calculate the remainder when p is divided by (2/4 - 1)*-50.
18
Let v = -6370 + 10666. Let a be (-4)/22 - v/(-33). Let y = a + -89. What is the remainder when 120 is divided by y?
38
Suppose -517 - 85 = -7*l. Let i(s) = s**3 + 6*s**2 + s - 6. Calculate the remainder when l is divided by i(-4).
20
Let c = 70 - 10. Suppose 0 = 4*i - 0*i - c. Suppose -19 = -5*p + 26. Calculate the remainder when i is divided by p.
6
Suppose 0 = -5*r + 1 + 9, 2*h - 4*r + 8 = 0. Let f(m) = 25*m**2 + h*m + m - 2*m + 2*m - 2. Calculate the remainder when f(-2) is divided by 33.
30
Let d be -1 + 6 + (2 - 3). Let c(l) = 2*l**2 + 2*l. Let u be c(-5). Suppose -d*k = -u - 76. What is the remainder when k is divided by 10?
9
Suppose 6 = -5*p + 4*p - 2*q, 4*p + 5*q + 39 = 0. Calculate the remainder when -1 + 1 + p/(-8) is divided by 2.
0
Let t(h) be the first derivative of 3*h**2/2 + 3. Let a be t(5). Let s = a + -2. What is the remainder when 24 is divided by s?
11
Let v(n) = 2*n**3 + 120*n**2 + 2*n + 142. Calculate the remainder when 571 is divided by v(-60).
21
Suppose 4*w - 5*c = 220, -6*c + 220 = 4*w - 3*c. Calculate the remainder when 713 is divided by w.
53
Let k(m) = 3*m**2 - 3 + 6 + 6*m - 1. Let r be 2/(-6) - (0 - 33/(-9)). What is the remainder when k(r) is divided by 9?
8
Suppose -4*x + 12 = -8. Let d = x + 11. What is the remainder when 7 is divided by (d/12)/(1/3)?
3
Suppose -2*y = 15*y - 697. What is the remainder when 70 is divided by y?
29
Let x(o) = -7*o + 1. Let n = -6 + 4. What is the remainder when 74 is divided by x(n)?
14
Suppose -k - 5*c = -80, 13*k = 14*k - c - 80. What is the remainder when k is divided by 15?
5
Let c(p) = p**3 + 23*p**2 + 112*p - 8. What is the remainder when c(-13) is divided by 222?
4
Suppose 4*b - 4*f = 80, -3*b + 5*b - 5*f = 25. Let c = 21 + -14. What is the remainder when b is divided by c?
4
Let w(d) = -9*d - 85. What is the remainder when 40 is divided by w(-10)?
0
Let a(o) be the second derivative of 13*o**3/3 + 29*o**2/2 - 19*o. Calculate the remainder when a(5) is divided by 32.
31
Let q be (-74)/(-26) + 46/299. Suppose -q*g = 21 - 45. Let t(v) = v**3 - 4*v**2 - 8*v - 3. What is the remainder when t(6) is divided by g?
5
Let u(n) = -n**2 + 9*n + 4. Let w be u(10). Let h = w - 0. Calculate the remainder when 21 is divided by ((-3)/h)/(3/66).
10
Let n(z) = 2*z - 17 + 4*z + 0*z - 2*z. Let l be n(5). Suppose 0 = -l*w - 3*c + 45 - 18, -2*w = -3*c - 3. Calculate the remainder when 8 is divided by w.
2
Suppose 7*y - 4*d = 2*y - 337, 5*d = y + 80. Let b = y + 79. What is the remainder when 67 is divided by b?
11
Let v = -44 + 26. Let m be (v/4)/((-3)/6). Let q(y) = y**3 - 8*y**2 - 8*y + 12. What is the remainder when q(m) is divided by 12?
9
What is the remainder when 132 is divided by ((-84)/35)/(15/(-250))?
12
Let v = -43 - -68. Let j = -5 - -5. Suppose j = 9*t - 8*t - 48. Calculate the remainder when t is divided by v.
23
Let g(s) = 19*s**2 - 31*s + 6. What is the remainder when 333 is divided by g(2)?
13
Let j = -9 - -9. Suppose 4 = 2*s - 4, -3*b + 4*s - 205 = j. Let h = b - -94. Calculate the remainder when h is divided by 16.
15
Let d = -887 + 890. Calculate the remainder when 3 is divided by d.
0
Suppose -3*n + 576 = 4*u, 4*n - 740 = 27*u - 23*u. What is the remainder when n is divided by 32?
28
Let z(m) = -m**2 - 3*m + 3. Let a be z(-4). Let s be a - 3/((-3)/(-26)). What is the remainder when 26 is divided by 2/(-3)*s/2?